e the prime factors of t?
2
Suppose 2*i = 0, -f + 4*i + 4 = f. Suppose -f = p - 7. Let h(w) = w**3 - 5*w**2 + w. List the prime factors of h(p).
5
Let c(l) = l**2 + 3*l + 2. Let m be c(-4). Suppose -m + 4 = q. Let b = q + 4. List the prime factors of b.
2
What are the prime factors of ((-28)/(-3))/((-3)/(-9))?
2, 7
What are the prime factors of (-4)/(-26) - (5 - (-2748)/(-52))?
2, 3
Suppose -4*o - 27 = 5. List the prime factors of (-2)/(-8) + (-142)/o.
2, 3
Let n = -5 + 6. Let g be ((-3)/(-6))/(n/(-6)). What are the prime factors of (-1 + 39/g)*-1?
2, 7
Let s(q) = 177*q**3 + q**2 - q - 1. List the prime factors of s(1).
2, 11
Suppose -2*t - 10 - 25 = -m, -75 = -4*m - 5*t. List the prime factors of m.
5
Let d(k) = -k**3 - 5*k**2 - 2*k + 1. Let m be (-1)/(2*(-1)/(-4)). Let p be d(m). Let t = -4 - p. List the prime factors of t.
3
Let v = -406 - -609. What are the prime factors of v?
7, 29
Suppose -6*h - 71 = -7*h. What are the prime factors of h?
71
Let t(z) = -4 + 1 - 2*z + z. Let j be t(-7). What are the prime factors of (-2)/j - 45/(-6)?
7
Let x = 6 + -4. Let z be 0*x*3/6. Suppose z*k + 3 = k. List the prime factors of k.
3
Let k = -25 + 20. Let w(i) = 4*i**2 + 11*i + 6. List the prime factors of w(k).
3, 17
Suppose -2*u + 3 + 1 = 0. Suppose 6*o = 3*p + u*o - 4, 4*o - 16 = -2*p. List the prime factors of p.
2
Let p(l) be the second derivative of -l**5/20 + 2*l**4/3 + 11*l**3/6 - 2*l**2 - 2*l. List the prime factors of p(9).
2, 7
Suppose 917 + 77 = 7*a. List the prime factors of a.
2, 71
Suppose 47 + 33 = 4*l. Suppose -3*m = -5*m + l. What are the prime factors of m?
2, 5
Let x = 3 + -3. Suppose 0 = -5*r - 2*k - x - 2, 4*k - 6 = -5*r. What are the prime factors of -2*((-55)/r)/(-5)?
11
Let y(p) = 3*p**3 + 3*p**2 + p + 1. Let x(a) = 6*a**3 + 7*a**2 + 2*a + 3. Let d(n) = -2*x(n) + 5*y(n). What are the prime factors of d(1)?
2
Suppose -5*c + 4*q + 485 + 149 = 0, c - 5*q - 131 = 0. What are the prime factors of c?
2, 3, 7
Let d be (45/(-25))/(6/(-20)). Suppose 2*r - 4*q = 141 + 9, 2*r = -3*q + 150. Suppose -r = v - d*v. List the prime factors of v.
3, 5
Let g(k) = -k**3 - k + 15. Let b(r) = -6*r - 3. Let h be b(-2). Let m(t) = t**2 - 9*t. Let i be m(h). What are the prime factors of g(i)?
3, 5
Let g = 34 + -18. Let p be g/24*(-30)/(-4). Suppose 3*x - 7 = x + p*j, 0 = -3*x + 2*j + 16. List the prime factors of x.
2, 3
Let f(j) = 11*j**2 - 2*j + 7. List the prime factors of f(5).
2, 17
Suppose -1 = h - 5. Suppose -u - 6*z + z = -13, -3*z = -h*u + 6. List the prime factors of (153/(-27))/((-1)/u).
17
Let n = -5 - -7. Suppose -2*u = 2*u - 5*l - 31, n*l - 10 = 0. What are the prime factors of u?
2, 7
Let s = 147 + -56. What are the prime factors of s?
7, 13
Let a(g) = -g**2 - 4*g + 5. Let w be a(-4). Suppose 3*c = w*c - 24. What are the prime factors of c?
2, 3
Let v(q) = q**3 - 9*q**2 - 8*q + 5. What are the prime factors of v(10)?
5
Let d(r) = 4*r**2 - 2*r - 1. Let v be d(-3). Suppose -5*u - 5*l = 1 - 101, 2*u + l - v = 0. Suppose -u - 19 = -4*p. What are the prime factors of p?
2, 5
Let h = -7 + 11. Suppose -t + t = -4*t. Suppose t = f - h*f + 6. What are the prime factors of f?
2
Suppose 2*c - 3*j = 379, -126 - 71 = -c + 3*j. What are the prime factors of c?
2, 7, 13
Suppose -2 - 23 = -5*o. Suppose w + 1 = o. Suppose -b + 5*i + 19 + 3 = 0, b - w = -4*i. List the prime factors of b.
2, 3
Let y be 2 + 32/(1 - -3). What are the prime factors of y/(-35) + (-177)/(-7)?
5
Let o = 21 - 31. Let n = 31 + o. What are the prime factors of n?
3, 7
Let j(k) = 43*k - 4. List the prime factors of j(2).
2, 41
Let a(s) = -s**2 - 19*s + 17. What are the prime factors of a(-15)?
7, 11
Suppose 331 = 7*h - 40. What are the prime factors of h?
53
Let w(g) = -3*g. Let y(q) = -14*q + 1. Let j(m) = 15*w(m) - 3*y(m). Let x be j(-4). Suppose 2*f = f + x. What are the prime factors of f?
3
What are the prime factors of 19*(-5 + 0)/(-5)?
19
Suppose -9 = -d + 12. Suppose -5*a + 37 = -4*r, 0 = 4*a - a - 3*r - d. Suppose 0 = 4*w - a - 19. What are the prime factors of w?
7
Suppose -26 = -3*t - 11. Suppose t*v = 33 + 37. List the prime factors of v.
2, 7
Suppose -49 = h - 321. What are the prime factors of h?
2, 17
Let x(c) be the first derivative of c**5/20 - c**3/3 + c**2 - 2*c - 2. Let v(u) be the first derivative of x(u). List the prime factors of v(2).
2, 3
Let t = -556 - -802. What are the prime factors of t?
2, 3, 41
Suppose 2*i = -4*c - 16, -2*i = 2*c + 17 - 3. What are the prime factors of (-1)/(-3) + (-40)/i?
7
Suppose 5*b - 320 = -5*m, -4*m + 4*b + 354 = 74. List the prime factors of m.
67
Let q(k) = -4*k - 7. Let l be q(-8). Suppose -u + l - 5 = y, -y + 84 = 5*u. What are the prime factors of u?
2
List the prime factors of ((-43)/3)/((-8)/120).
5, 43
Let m be (-3)/(-6)*(2 + 4). Suppose 0*r = -m*r + 36. List the prime factors of r.
2, 3
Let d be (3/9)/((-2)/18). What are the prime factors of -6*d/6*4?
2, 3
Suppose 3*j + 3*o = 4*o + 136, -j + 5*o + 22 = 0. List the prime factors of j.
47
Let q(d) = 11*d**2 - d + 4. List the prime factors of q(2).
2, 23
Let t(k) = k**3 + 11*k**2 + 12*k + 11. Let f be t(-10). What are the prime factors of 9 + f - -4*2?
2
Let z = 37 + 2. What are the prime factors of z?
3, 13
Suppose -n = -3*f + 535, -3*n + 300 + 255 = 3*f. What are the prime factors of f?
2, 3, 5
Let p = -4 - -9. Suppose -7 - p = -g. What are the prime factors of g?
2, 3
Suppose -4*g + 5*g + 18 = 0. List the prime factors of g/(-63) + 276/14.
2, 5
Suppose u = -2*u + 87. What are the prime factors of u?
29
Let o(p) be the third derivative of -p**4/24 + 2*p**3 + 2*p**2. Let w be -1 - -7*(1 - 0). What are the prime factors of o(w)?
2, 3
Suppose -5*i + 25 = 4*q, 4*q + 3 = -4*i + 23. Suppose q = -z + 4*v + 5, 0 = -4*z + 6*v - v + 20. List the prime factors of z.
5
Let l(f) = f**3 + 9*f**2 + 7*f + 16. What are the prime factors of l(-7)?
5, 13
Let b = 14 - -67. What are the prime factors of b?
3
Let k = -21 + 10. Let z = -1 - k. Suppose 38 - z = 4*c. What are the prime factors of c?
7
Let p(r) = 5*r**2 - 4*r + 6. List the prime factors of p(3).
3, 13
Let g = 94 - 43. Let q = -10 + g. Suppose 5*n - q = -3*m + 5, 4*m + 2*n - 52 = 0. What are the prime factors of m?
2, 3
Let k(p) = -10*p**3 - 2*p**2 - p. Let r be k(-1). Let h(z) = -z + 0*z + 3 + r. What are the prime factors of h(0)?
2, 3
Suppose 0*w = 2*w - 4. Suppose 5*m + w*p = 2*m + 23, 2*m = -p + 15. What are the prime factors of m?
7
Suppose -9*m = -4*m. Let v = 2 - -1. Suppose 4*j + m*p - 34 = -v*p, -44 = -5*j - 3*p. List the prime factors of j.
2, 5
Let b(k) = k**2 + k - 2. Let l(n) = n**2 + n + 8. Let t(c) = 2*c**2 + 3*c + 15. Let g(x) = 7*l(x) - 4*t(x). Let y be g(-3). What are the prime factors of b(y)?
2
Let f(r) = r**2 - 28*r + 31. What are the prime factors of f(28)?
31
Suppose -4*m - 40 = -9*m - 5*r, m + 12 = 4*r. Suppose 0 = f + 2*a - 12, -m*f = f - 3*a - 8. What are the prime factors of f?
2
Let g(r) = r - 3. Let a = 8 + 4. Suppose 16 = a*q - 10*q. List the prime factors of g(q).
5
Let f be -2 + (-3 - (0 - -1)). Let a(i) = -i**3 - i**2 + i. Let h be a(2). Let d = f - h. List the prime factors of d.
2
Let a be (20/(-6))/((-3)/(-9)). Let k = a - 0. Let l(q) = q**2 + 9*q + 1. What are the prime factors of l(k)?
11
Let n = 18 + 3. Suppose -4*c = 2*v - 3*v, -4*v - 5*c + n = 0. Suppose -v*o + 18 = -2*o. List the prime factors of o.
3
Let g = -8 + 26. Suppose -j = 2*j + g. Let y(p) = -p + 6. What are the prime factors of y(j)?
2, 3
Suppose 0 = -13*y + 15*y - 304. List the prime factors of y.
2, 19
Let u(o) = o**2 + 2*o - 40. What are the prime factors of u(-14)?
2
Let l = 71 - -31. What are the prime factors of l?
2, 3, 17
Let m(o) = 51*o**3 - o**2 + 2*o - 1. List the prime factors of m(1).
3, 17
Let i(m) = -46*m - 31. What are the prime factors of i(-6)?
5, 7
Let m(k) = k + 1. Let a be m(3). Suppose -5*i + 2*i + 45 = 5*s, -4*i + 5*s + 25 = 0. Suppose d = -a + i. What are the prime factors of d?
2, 3
Let i = 26 + -13. Let d = i + -4. Suppose -4*z + d*z - 20 = 0. List the prime factors of z.
2
Let g(f) = -f**3 + 4*f**2 + 4*f + 5. Let v be g(5). Let o = 0 + v. What are the prime factors of o/2 + -5 + 26?
3, 7
Suppose 7*h - 2*h = 3*c + 33, 0 = 5*c + 4*h + 18. Let f(o) = -o**3 - 6*o**2 - 9*o - 5. List the prime factors o